)/27 prime?
True
Let y = 8 + -4. Suppose 0 = 4*q + y + 12. Is q/(-14) + (-1522)/(-14) a composite number?
False
Suppose -g - 23988 = -3*i, 124*i = 128*i + 4*g - 32000. Is i a prime number?
False
Suppose -4*k + 5*x = -591676, 5*k - 235736 = -3*x + 503859. Is k composite?
False
Suppose 19*h = 540800 - 211777. Is h composite?
False
Let u(a) = 26*a**2 + a - 1. Let x be u(1). Let l = x - 25. Is 149/(0 - (0 - l)) a composite number?
False
Let s = 1904 - -1325. Is s composite?
False
Let r be 20/(-8)*12/10*-3. Suppose 0 = 16*y - r*y - 6433. Is y prime?
True
Let b be (-14)/(((-16)/(-66))/4). Let k = 430 + b. Is k composite?
False
Let c(u) = -1109*u + 2. Is c(-1) prime?
False
Suppose -5*o = 2*a + 36, 2 + 0 = -o. Let d(m) = -2*m + 9. Let p be d(a). Suppose p = 5*s + 5*v, -3*v + 2*v = 4*s - 37. Is s prime?
False
Let x be 3 - (0/(-4))/(-4). Suppose 2*a = g + 54, a - 96 = -x*a - 4*g. Is a prime?
False
Suppose 2*j = -4*d + 45394, 5*d + 5*j - 50567 = 6163. Is d composite?
False
Suppose -13*b + 9*b - 69591 = -5*w, -1 = -b. Is w composite?
True
Let m(h) = 167*h**2 + 8*h - 55. Is m(6) a prime number?
False
Let g = -15 + 16. Let u(t) = t**3 - 4*t**2 - 6*t + 6. Let i be u(5). Is g/((1 + i)/398) a composite number?
False
Let u(x) = x**3 + x**2 + 329. Let n be (21/(-14))/(2/20). Let i(z) = -z - 15. Let l be i(n). Is u(l) a composite number?
True
Suppose 15298 = 7*k + 479. Is k a composite number?
True
Suppose f + 563 - 3450 = 5*k, 0 = -5*f + 2*k + 14481. Is f composite?
False
Let t be ((-25)/(-10) - 3)/((-1)/4). Suppose -17*c - t*c = -5833. Is c composite?
False
Suppose 5*j - 12075 = 5*k, -9664 = -3*j - j + 3*k. Is j a composite number?
True
Suppose -5*w - 3*q = -58802, -6*w + q = -11*w + 58804. Is w a prime number?
False
Let y be 4 + (0/1 - -1). Let k(s) = 43*s + 15. Let u be k(y). Suppose -u - 179 = -f. Is f prime?
True
Let m = -204 + 286. Let b = m - 157. Let n = -16 - b. Is n a composite number?
False
Let d(l) = l + l**3 - 43*l**2 + 6 - 1 + 35*l**2. Is d(9) a prime number?
False
Suppose -344424 = 168*z - 192*z. Is z a prime number?
False
Is ((-4)/12)/(328883/82221 - 4) a prime number?
True
Let k(f) = f**3 + 3*f**2 + 4*f. Let l be k(-2). Let a be 1/(l*3/(-1788)). Suppose 3*z = 184 + a. Is z a prime number?
False
Suppose -26*a = -28*a + 6. Suppose 3*h = -4*d + 499, -d + 133 = h - a*h. Is d a prime number?
True
Let z(y) = y + 13. Let c be z(-9). Suppose -2*l + 6*l - c = 0. Is l - (0 + (-714)/3) a prime number?
True
Suppose -2*h = -5*x - 0*h - 33, -3*x - 23 = -2*h. Is 3 - ((-1264)/(-6))/(x/15) prime?
False
Let q = 5280 - 2987. Is q composite?
False
Let u be (100/8 + 0)*4. Suppose 4*k = -b + 169 + u, -4*b - k = -816. Is b prime?
False
Suppose 0*s + 4*s = -3*y - 23, -4*s - 17 = -3*y. Is 2 - s/(10/1006) prime?
False
Suppose i = 5 - 7, 4*i - 50288 = -4*x. Is x a composite number?
True
Suppose -15*o = -1559 - 1936. Is o a composite number?
False
Suppose -4*z - 4 = -5*c - 3, c = -4*z + 5. Suppose -c = -3*s - 4. Is s + 0 - (-323 - 1) prime?
False
Suppose 2 = -4*w + 18. Suppose 4*y + w = -4. Is y - (2 - 5 - 88) composite?
False
Suppose 10005 = -0*g + 3*g. Suppose 4*n = 2849 + g. Is n/14 + (-8)/(-14) a composite number?
True
Suppose 4*c = -13 - 23. Let u = 118 - c. Is u a composite number?
False
Let t(x) = -x**3 + 12*x**2 + x - 7. Let r be t(12). Suppose r*n = 2*n + 1257. Is n prime?
True
Suppose 54*p = 969142 + 6373076. Is p a composite number?
True
Suppose -2*x + 111 = -97. Is (-14)/21 + x/3 prime?
False
Let k(i) = 2*i**2 - i. Let l be k(1). Let h be 3/l - (3 + -3). Is (-1)/(0 - h/237) a composite number?
False
Suppose -n = -6*n + 5*f + 43270, 5*f = -4*n + 34607. Is n composite?
True
Let y(q) = -528*q - 4. Let p be y(-3). Suppose -179 + 792 = 2*k + 5*b, -5*k - 3*b = -p. Is k a prime number?
False
Let g(y) = -124*y + 2. Let b be g(-4). Suppose -6 = -4*a + b. Let d = 289 - a. Is d prime?
True
Let c be (-9)/(-3) - (-3)/(-1). Let j(r) = r**3 - 7 + 3*r + c + 8*r**2 - 2*r + r. Is j(-6) composite?
False
Suppose -40*c + 2*c = -490694. Is c prime?
False
Let j = 1312 + -2119. Is j*(-2 + -1)/9 prime?
True
Let d = 4644 + -953. Is d composite?
False
Suppose 0 = -3*t + 3*z + 41721, 0*z + 5*z = 0. Is t a composite number?
False
Let c(m) = -16*m + 213. Is c(-31) composite?
False
Let j = -56182 + 81439. Is j composite?
True
Let b(a) be the second derivative of -a**6/360 + 7*a**5/60 + a**4/6 - 5*a**3/6 - a. Let y(m) be the second derivative of b(m). Is y(7) a composite number?
False
Let b(s) = -22*s + 6. Let k be b(4). Let r = 147 + k. Suppose 4*q = 429 - r. Is q composite?
True
Let x(r) = -61*r**3 + 4*r**2 + 8*r + 5. Is x(-2) a composite number?
True
Let y = 58 + -71. Let i = 10 - y. Is i composite?
False
Is ((-84141)/(-15))/((-48)/10 - -5) prime?
False
Suppose 2*h - 205074 = -16*h. Is h a prime number?
True
Let o(j) = 11*j**3 + j - 1. Let v be 7*(3 - (-80)/(-28)). Is o(v) prime?
True
Let g(i) = -49*i + 13. Let x(h) = h**3 - 16*h**2 + 28*h - 18. Let y be x(14). Is g(y) composite?
True
Suppose -z - 21 = -d - 3*d, -14 = -d + 2*z. Suppose -d*x = -5*x - 1. Is (-10 - -72) + x*3 composite?
False
Let v(o) be the second derivative of 53*o**4/4 + 2*o**3/3 - 3*o**2/2 + 9*o. Let c = -6 - -8. Is v(c) a prime number?
True
Suppose -18*v = -6*v - 22020. Is v a composite number?
True
Let h = 993 + -350. Let z = 2402 - h. Is z composite?
False
Let j = 2433 + -22. Is j prime?
True
Let b(p) = -86*p - 6. Let w be b(6). Let l = -311 - w. Is l a composite number?
False
Let y be (-3)/((42/(-68))/(-7)). Let f = y - -41. Is f prime?
True
Suppose -15*p + 11*p = 3*r - 11, -p + 5 = 0. Let i(n) be the third derivative of -13*n**4/12 - n**3/6 - n**2. Is i(r) a prime number?
False
Suppose -2 - 178 = 36*t. Suppose 5*l + 5*p = -115, 2*l - 4*p + 49 = 21. Is (-2)/t + (-512)/l prime?
False
Suppose 2*c - 2*a = 4*c - 2, -c - 14 = 4*a. Is c/10 - 9852/(-30) composite?
True
Suppose 3*j - 3*d = -5*d - 2141, 0 = j - 2*d + 711. Is -5 + 57/12 + j/(-4) prime?
False
Suppose b - 5*a + 43768 = 2*b, -43744 = -b + 3*a. Is b prime?
True
Let a(n) be the third derivative of -n**6/360 + 3*n**5/40 - n**4/8 - 4*n**2. Let z(r) be the second derivative of a(r). Is z(-6) a prime number?
False
Suppose -3*f = 4*y - 19529, -34718 + 2218 = -5*f + 3*y. Is f a prime number?
False
Suppose -n - 2 = 0, 0 = 29*r - 25*r - 5*n - 245174. Is r a composite number?
False
Suppose 20*q + 0*q - 57260 = 0. Is q composite?
True
Let m = 9 - 18. Let x(b) = b**3 + 14*b**2 - 4*b + 4. Is x(m) composite?
True
Let b = -10626 - -27779. Is b prime?
False
Let g = 25 + -16. Let n be g*(-58)/(-12)*-26. Let x = -736 - n. Is x composite?
True
Suppose -8049 - 14503 = -8*h. Is h a prime number?
True
Let j(m) = 35*m**2 - 3*m + 27. Is j(-8) a composite number?
True
Let d be 1 - (4 - -2)*1/(-3). Suppose 4*f - 10042 = -2*a, -2*a + 546 = -d*f + 8095. Is f prime?
False
Suppose -5*h - 21*f + 60074 = -20*f, 12 = 3*f. Is h composite?
True
Let v be (-12)/(-1 + 5/3). Let o be (-12)/9 - 79/(-3). Let m = o - v. Is m composite?
False
Suppose -2*f = 12*f - 56. Suppose -f*k + 305 = -291. Is k composite?
False
Let p be 146/1*(-4 + 6). Is p/6 + (-4)/(-12) prime?
False
Let m(r) be the third derivative of 251/120*r**6 + 0*r**4 + 2*r**2 + 0 + 1/60*r**5 - 1/6*r**3 + 0*r. Is m(1) composite?
False
Let c be -1 + (-3 - (-2 - 5)). Suppose 2*d + c = -4*q + 1, -3*d = 2*q + 3. Suppose 0 = -5*o - q*o - 2*g + 71, 5*o - 3*g - 56 = 0. Is o composite?
False
Let w(c) = -4*c**3 + c**2 + 2*c. Let y be w(-1). Suppose y*t + 3*r - 768 = 0, 0 = 3*t - 5*t + 3*r + 497. Is t a prime number?
False
Let c(m) = 19*m**3 - 2*m**2 + 13*m + 11. Is c(6) a composite number?
True
Suppose 0 = -4*p + 5*y + 28, 6 = -0*p - p - 2*y. Let k = p + 300. Is k a composite number?
True
Let m be -3 + 7 - 2 - 193. Let r = m + 670. Is r composite?
False
Let d be (-196)/6*(-252)/(-24). Let i = 106 - d. Is i a prime number?
True
Let j(w) = -82*w - 65. Is j(-4) a composite number?
False
Let h(d) = -3*d**2 - 12*d - 23. Let k be h(-6). Let x = 755 - 317. Let u = x - k. Is u a prime number?
False
Let d = -11 + 20. Let r(h) = 13*h**2 - 13*h + 3. Let c(v) = -7*v**2 + 6*v - 2. Let l(b) = -11*c(b) - 6*r(b). Is l(d) composite?
False
Suppose -3*v + 16562 + 3331 = 0. Is v prime?
False
Let j(q) = q**3 + 7*q**2 - q - 4. Let v(y) = 5*y**3 - y**2 + 7*y - 9. Let f(s)